{"id":123,"date":"2026-04-27T10:24:16","date_gmt":"2026-04-27T10:24:16","guid":{"rendered":"https:\/\/jadwigajanowska.pl\/?page_id=123"},"modified":"2026-04-27T10:34:00","modified_gmt":"2026-04-27T10:34:00","slug":"bohaterowie-narodu","status":"publish","type":"page","link":"https:\/\/jadwigajanowska.pl\/?page_id=123","title":{"rendered":"Bohaterowie narodu"},"content":{"rendered":"\n<p>Bohaterowie narodu\u201d to cykl fotograficzny pos\u0142uguj\u0105cy si\u0119 estetyk\u0105 modowej kreacji i&nbsp; subiektywnego dokumentu. Projekt jest refleksj\u0105 o obcenym pokoleniu os\u00f3b wchodz\u0105cych w doros\u0142o\u015b\u0107. M\u0142odzi s\u0105 \u201eprzysz\u0142o\u015bci\u0105 narodu\u201d, to w nich pok\u0142ada si\u0119 nadzieje. Z drugiej strony m\u0142ode pokolenia teraz nie chc\u0105 bra\u0107 tej odpowiedzialno\u015bci, nie chc\u0105 dorasta\u0107,.&nbsp;<\/p>\n\n\n\n<p>Fotografie realizowane w latach 2018-2022 to nostalgiczne wracanie do ko\u0144c\u00f3wki lat dziewi\u0119\u0107dziesi\u0105tych i pocz\u0105tkiem roku dwutysi\u0119cznego, do czasu przed intensywnego digitalnego kamienia milowego. Do czas\u00f3w, kiedy wystarczy\u0142o by\u0107.&nbsp;<\/p>\n\n\n\n<figure class=\"wp-block-gallery has-nested-images columns-default is-cropped wp-block-gallery-2 is-layout-flex wp-block-gallery-is-layout-flex\">\n<figure class=\"wp-block-image size-large\"><img loading=\"lazy\" decoding=\"async\" width=\"683\" height=\"1024\" data-id=\"176\" src=\"https:\/\/jadwigajanowska.pl\/wp-content\/uploads\/2026\/04\/jadwiga_janowska_bohaterowie_01-1-683x1024.jpg\" alt=\"\" class=\"wp-image-176\" srcset=\"https:\/\/jadwigajanowska.pl\/wp-content\/uploads\/2026\/04\/jadwiga_janowska_bohaterowie_01-1-683x1024.jpg 683w, https:\/\/jadwigajanowska.pl\/wp-content\/uploads\/2026\/04\/jadwiga_janowska_bohaterowie_01-1-200x300.jpg 200w, https:\/\/jadwigajanowska.pl\/wp-content\/uploads\/2026\/04\/jadwiga_janowska_bohaterowie_01-1-768x1152.jpg 768w, https:\/\/jadwigajanowska.pl\/wp-content\/uploads\/2026\/04\/jadwiga_janowska_bohaterowie_01-1-1024x1536.jpg 1024w, https:\/\/jadwigajanowska.pl\/wp-content\/uploads\/2026\/04\/jadwiga_janowska_bohaterowie_01-1-973x1460.jpg 973w, https:\/\/jadwigajanowska.pl\/wp-content\/uploads\/2026\/04\/jadwiga_janowska_bohaterowie_01-1-508x762.jpg 508w, https:\/\/jadwigajanowska.pl\/wp-content\/uploads\/2026\/04\/jadwiga_janowska_bohaterowie_01-1.jpg 1280w\" sizes=\"auto, (max-width: 683px) 100vw, 683px\" \/><\/figure>\n\n\n\n<figure class=\"wp-block-image size-large\"><img loading=\"lazy\" decoding=\"async\" width=\"683\" height=\"1024\" data-id=\"185\" src=\"https:\/\/jadwigajanowska.pl\/wp-content\/uploads\/2026\/04\/jadwiga_janowska_bohaterowie_02-1-683x1024.jpg\" alt=\"\" class=\"wp-image-185\" srcset=\"https:\/\/jadwigajanowska.pl\/wp-content\/uploads\/2026\/04\/jadwiga_janowska_bohaterowie_02-1-683x1024.jpg 683w, https:\/\/jadwigajanowska.pl\/wp-content\/uploads\/2026\/04\/jadwiga_janowska_bohaterowie_02-1-200x300.jpg 200w, https:\/\/jadwigajanowska.pl\/wp-content\/uploads\/2026\/04\/jadwiga_janowska_bohaterowie_02-1-768x1152.jpg 768w, https:\/\/jadwigajanowska.pl\/wp-content\/uploads\/2026\/04\/jadwiga_janowska_bohaterowie_02-1-1024x1536.jpg 1024w, https:\/\/jadwigajanowska.pl\/wp-content\/uploads\/2026\/04\/jadwiga_janowska_bohaterowie_02-1-973x1460.jpg 973w, https:\/\/jadwigajanowska.pl\/wp-content\/uploads\/2026\/04\/jadwiga_janowska_bohaterowie_02-1-508x762.jpg 508w, https:\/\/jadwigajanowska.pl\/wp-content\/uploads\/2026\/04\/jadwiga_janowska_bohaterowie_02-1.jpg 1280w\" sizes=\"auto, (max-width: 683px) 100vw, 683px\" \/><\/figure>\n\n\n\n<figure class=\"wp-block-image size-large\"><img loading=\"lazy\" decoding=\"async\" width=\"683\" height=\"1024\" data-id=\"127\" src=\"https:\/\/jadwigajanowska.pl\/wp-content\/uploads\/2026\/04\/jadwiga_janowska_bohaterowie_03-683x1024.jpg\" alt=\"\" class=\"wp-image-127\" srcset=\"https:\/\/jadwigajanowska.pl\/wp-content\/uploads\/2026\/04\/jadwiga_janowska_bohaterowie_03-683x1024.jpg 683w, https:\/\/jadwigajanowska.pl\/wp-content\/uploads\/2026\/04\/jadwiga_janowska_bohaterowie_03-200x300.jpg 200w, https:\/\/jadwigajanowska.pl\/wp-content\/uploads\/2026\/04\/jadwiga_janowska_bohaterowie_03-768x1152.jpg 768w, https:\/\/jadwigajanowska.pl\/wp-content\/uploads\/2026\/04\/jadwiga_janowska_bohaterowie_03-1024x1536.jpg 1024w, https:\/\/jadwigajanowska.pl\/wp-content\/uploads\/2026\/04\/jadwiga_janowska_bohaterowie_03-973x1460.jpg 973w, https:\/\/jadwigajanowska.pl\/wp-content\/uploads\/2026\/04\/jadwiga_janowska_bohaterowie_03-508x762.jpg 508w, https:\/\/jadwigajanowska.pl\/wp-content\/uploads\/2026\/04\/jadwiga_janowska_bohaterowie_03.jpg 1280w\" sizes=\"auto, (max-width: 683px) 100vw, 683px\" \/><\/figure>\n\n\n\n<figure class=\"wp-block-image size-large\"><img loading=\"lazy\" decoding=\"async\" width=\"683\" height=\"1024\" data-id=\"126\" src=\"https:\/\/jadwigajanowska.pl\/wp-content\/uploads\/2026\/04\/jadwiga_janowska_bohaterowie_10-683x1024.jpg\" alt=\"\" class=\"wp-image-126\" srcset=\"https:\/\/jadwigajanowska.pl\/wp-content\/uploads\/2026\/04\/jadwiga_janowska_bohaterowie_10-683x1024.jpg 683w, https:\/\/jadwigajanowska.pl\/wp-content\/uploads\/2026\/04\/jadwiga_janowska_bohaterowie_10-200x300.jpg 200w, https:\/\/jadwigajanowska.pl\/wp-content\/uploads\/2026\/04\/jadwiga_janowska_bohaterowie_10-768x1152.jpg 768w, https:\/\/jadwigajanowska.pl\/wp-content\/uploads\/2026\/04\/jadwiga_janowska_bohaterowie_10-1024x1536.jpg 1024w, https:\/\/jadwigajanowska.pl\/wp-content\/uploads\/2026\/04\/jadwiga_janowska_bohaterowie_10-973x1460.jpg 973w, https:\/\/jadwigajanowska.pl\/wp-content\/uploads\/2026\/04\/jadwiga_janowska_bohaterowie_10-508x762.jpg 508w, https:\/\/jadwigajanowska.pl\/wp-content\/uploads\/2026\/04\/jadwiga_janowska_bohaterowie_10.jpg 1280w\" sizes=\"auto, (max-width: 683px) 100vw, 683px\" \/><\/figure>\n\n\n\n<figure class=\"wp-block-image size-large\"><img loading=\"lazy\" decoding=\"async\" width=\"717\" height=\"1024\" data-id=\"184\" src=\"https:\/\/jadwigajanowska.pl\/wp-content\/uploads\/2026\/04\/jadwiga_janowska_bohaterowie_13-717x1024.jpg\" alt=\"\" class=\"wp-image-184\" srcset=\"https:\/\/jadwigajanowska.pl\/wp-content\/uploads\/2026\/04\/jadwiga_janowska_bohaterowie_13-717x1024.jpg 717w, https:\/\/jadwigajanowska.pl\/wp-content\/uploads\/2026\/04\/jadwiga_janowska_bohaterowie_13-210x300.jpg 210w, https:\/\/jadwigajanowska.pl\/wp-content\/uploads\/2026\/04\/jadwiga_janowska_bohaterowie_13-768x1097.jpg 768w, https:\/\/jadwigajanowska.pl\/wp-content\/uploads\/2026\/04\/jadwiga_janowska_bohaterowie_13-1075x1536.jpg 1075w, https:\/\/jadwigajanowska.pl\/wp-content\/uploads\/2026\/04\/jadwiga_janowska_bohaterowie_13-973x1390.jpg 973w, https:\/\/jadwigajanowska.pl\/wp-content\/uploads\/2026\/04\/jadwiga_janowska_bohaterowie_13-508x726.jpg 508w, https:\/\/jadwigajanowska.pl\/wp-content\/uploads\/2026\/04\/jadwiga_janowska_bohaterowie_13.jpg 1344w\" sizes=\"auto, (max-width: 717px) 100vw, 717px\" \/><\/figure>\n\n\n\n<figure class=\"wp-block-image size-large\"><img loading=\"lazy\" decoding=\"async\" width=\"717\" height=\"1024\" data-id=\"158\" src=\"https:\/\/jadwigajanowska.pl\/wp-content\/uploads\/2026\/04\/jadwiga_janowska_bohaterowie_17-717x1024.jpg\" alt=\"\" class=\"wp-image-158\" srcset=\"https:\/\/jadwigajanowska.pl\/wp-content\/uploads\/2026\/04\/jadwiga_janowska_bohaterowie_17-717x1024.jpg 717w, https:\/\/jadwigajanowska.pl\/wp-content\/uploads\/2026\/04\/jadwiga_janowska_bohaterowie_17-210x300.jpg 210w, https:\/\/jadwigajanowska.pl\/wp-content\/uploads\/2026\/04\/jadwiga_janowska_bohaterowie_17-768x1097.jpg 768w, https:\/\/jadwigajanowska.pl\/wp-content\/uploads\/2026\/04\/jadwiga_janowska_bohaterowie_17-1075x1536.jpg 1075w, https:\/\/jadwigajanowska.pl\/wp-content\/uploads\/2026\/04\/jadwiga_janowska_bohaterowie_17-973x1390.jpg 973w, https:\/\/jadwigajanowska.pl\/wp-content\/uploads\/2026\/04\/jadwiga_janowska_bohaterowie_17-508x726.jpg 508w, https:\/\/jadwigajanowska.pl\/wp-content\/uploads\/2026\/04\/jadwiga_janowska_bohaterowie_17.jpg 1344w\" sizes=\"auto, (max-width: 717px) 100vw, 717px\" \/><\/figure>\n\n\n\n<figure class=\"wp-block-image size-large\"><img loading=\"lazy\" decoding=\"async\" width=\"683\" height=\"1024\" data-id=\"183\" src=\"https:\/\/jadwigajanowska.pl\/wp-content\/uploads\/2026\/04\/jadwiga_janowska_bohaterowie_08-1-683x1024.jpg\" alt=\"\" class=\"wp-image-183\" srcset=\"https:\/\/jadwigajanowska.pl\/wp-content\/uploads\/2026\/04\/jadwiga_janowska_bohaterowie_08-1-683x1024.jpg 683w, https:\/\/jadwigajanowska.pl\/wp-content\/uploads\/2026\/04\/jadwiga_janowska_bohaterowie_08-1-200x300.jpg 200w, https:\/\/jadwigajanowska.pl\/wp-content\/uploads\/2026\/04\/jadwiga_janowska_bohaterowie_08-1-768x1152.jpg 768w, https:\/\/jadwigajanowska.pl\/wp-content\/uploads\/2026\/04\/jadwiga_janowska_bohaterowie_08-1-1024x1536.jpg 1024w, https:\/\/jadwigajanowska.pl\/wp-content\/uploads\/2026\/04\/jadwiga_janowska_bohaterowie_08-1-973x1460.jpg 973w, https:\/\/jadwigajanowska.pl\/wp-content\/uploads\/2026\/04\/jadwiga_janowska_bohaterowie_08-1-508x762.jpg 508w, https:\/\/jadwigajanowska.pl\/wp-content\/uploads\/2026\/04\/jadwiga_janowska_bohaterowie_08-1.jpg 1280w\" sizes=\"auto, (max-width: 683px) 100vw, 683px\" \/><\/figure>\n\n\n\n<figure class=\"wp-block-image size-large\"><img loading=\"lazy\" decoding=\"async\" width=\"717\" height=\"1024\" data-id=\"131\" src=\"https:\/\/jadwigajanowska.pl\/wp-content\/uploads\/2026\/04\/jadwiga_janowska_bohaterowie_09-717x1024.jpg\" alt=\"\" class=\"wp-image-131\" srcset=\"https:\/\/jadwigajanowska.pl\/wp-content\/uploads\/2026\/04\/jadwiga_janowska_bohaterowie_09-717x1024.jpg 717w, https:\/\/jadwigajanowska.pl\/wp-content\/uploads\/2026\/04\/jadwiga_janowska_bohaterowie_09-210x300.jpg 210w, https:\/\/jadwigajanowska.pl\/wp-content\/uploads\/2026\/04\/jadwiga_janowska_bohaterowie_09-768x1097.jpg 768w, https:\/\/jadwigajanowska.pl\/wp-content\/uploads\/2026\/04\/jadwiga_janowska_bohaterowie_09-1075x1536.jpg 1075w, https:\/\/jadwigajanowska.pl\/wp-content\/uploads\/2026\/04\/jadwiga_janowska_bohaterowie_09-973x1390.jpg 973w, https:\/\/jadwigajanowska.pl\/wp-content\/uploads\/2026\/04\/jadwiga_janowska_bohaterowie_09-508x726.jpg 508w, https:\/\/jadwigajanowska.pl\/wp-content\/uploads\/2026\/04\/jadwiga_janowska_bohaterowie_09.jpg 1344w\" sizes=\"auto, (max-width: 717px) 100vw, 717px\" \/><\/figure>\n\n\n\n<figure class=\"wp-block-image size-large\"><img loading=\"lazy\" decoding=\"async\" width=\"731\" height=\"1024\" data-id=\"150\" src=\"https:\/\/jadwigajanowska.pl\/wp-content\/uploads\/2026\/04\/jadwiga_janowska_bohaterowie_28-731x1024.jpg\" alt=\"\" class=\"wp-image-150\" srcset=\"https:\/\/jadwigajanowska.pl\/wp-content\/uploads\/2026\/04\/jadwiga_janowska_bohaterowie_28-731x1024.jpg 731w, https:\/\/jadwigajanowska.pl\/wp-content\/uploads\/2026\/04\/jadwiga_janowska_bohaterowie_28-214x300.jpg 214w, https:\/\/jadwigajanowska.pl\/wp-content\/uploads\/2026\/04\/jadwiga_janowska_bohaterowie_28-768x1076.jpg 768w, https:\/\/jadwigajanowska.pl\/wp-content\/uploads\/2026\/04\/jadwiga_janowska_bohaterowie_28-1097x1536.jpg 1097w, https:\/\/jadwigajanowska.pl\/wp-content\/uploads\/2026\/04\/jadwiga_janowska_bohaterowie_28-973x1363.jpg 973w, https:\/\/jadwigajanowska.pl\/wp-content\/uploads\/2026\/04\/jadwiga_janowska_bohaterowie_28-508x711.jpg 508w, https:\/\/jadwigajanowska.pl\/wp-content\/uploads\/2026\/04\/jadwiga_janowska_bohaterowie_28.jpg 1371w\" sizes=\"auto, (max-width: 731px) 100vw, 731px\" \/><\/figure>\n\n\n\n<figure class=\"wp-block-image size-large\"><img loading=\"lazy\" decoding=\"async\" width=\"731\" height=\"1024\" data-id=\"156\" src=\"https:\/\/jadwigajanowska.pl\/wp-content\/uploads\/2026\/04\/jadwiga_janowska_bohaterowie_05-731x1024.jpg\" alt=\"\" class=\"wp-image-156\" srcset=\"https:\/\/jadwigajanowska.pl\/wp-content\/uploads\/2026\/04\/jadwiga_janowska_bohaterowie_05-731x1024.jpg 731w, https:\/\/jadwigajanowska.pl\/wp-content\/uploads\/2026\/04\/jadwiga_janowska_bohaterowie_05-214x300.jpg 214w, https:\/\/jadwigajanowska.pl\/wp-content\/uploads\/2026\/04\/jadwiga_janowska_bohaterowie_05-768x1076.jpg 768w, https:\/\/jadwigajanowska.pl\/wp-content\/uploads\/2026\/04\/jadwiga_janowska_bohaterowie_05-1097x1536.jpg 1097w, https:\/\/jadwigajanowska.pl\/wp-content\/uploads\/2026\/04\/jadwiga_janowska_bohaterowie_05-973x1363.jpg 973w, https:\/\/jadwigajanowska.pl\/wp-content\/uploads\/2026\/04\/jadwiga_janowska_bohaterowie_05-508x711.jpg 508w, https:\/\/jadwigajanowska.pl\/wp-content\/uploads\/2026\/04\/jadwiga_janowska_bohaterowie_05.jpg 1371w\" sizes=\"auto, (max-width: 731px) 100vw, 731px\" \/><\/figure>\n\n\n\n<figure class=\"wp-block-image size-large\"><img loading=\"lazy\" decoding=\"async\" width=\"731\" height=\"1024\" data-id=\"191\" src=\"https:\/\/jadwigajanowska.pl\/wp-content\/uploads\/2026\/04\/jadwiga_janowska_bohaterowie_12-1-731x1024.jpg\" alt=\"\" class=\"wp-image-191\" srcset=\"https:\/\/jadwigajanowska.pl\/wp-content\/uploads\/2026\/04\/jadwiga_janowska_bohaterowie_12-1-731x1024.jpg 731w, https:\/\/jadwigajanowska.pl\/wp-content\/uploads\/2026\/04\/jadwiga_janowska_bohaterowie_12-1-214x300.jpg 214w, https:\/\/jadwigajanowska.pl\/wp-content\/uploads\/2026\/04\/jadwiga_janowska_bohaterowie_12-1-768x1076.jpg 768w, https:\/\/jadwigajanowska.pl\/wp-content\/uploads\/2026\/04\/jadwiga_janowska_bohaterowie_12-1-1097x1536.jpg 1097w, https:\/\/jadwigajanowska.pl\/wp-content\/uploads\/2026\/04\/jadwiga_janowska_bohaterowie_12-1-973x1363.jpg 973w, https:\/\/jadwigajanowska.pl\/wp-content\/uploads\/2026\/04\/jadwiga_janowska_bohaterowie_12-1-508x711.jpg 508w, https:\/\/jadwigajanowska.pl\/wp-content\/uploads\/2026\/04\/jadwiga_janowska_bohaterowie_12-1.jpg 1371w\" sizes=\"auto, (max-width: 731px) 100vw, 731px\" \/><\/figure>\n\n\n\n<figure class=\"wp-block-image size-large\"><img loading=\"lazy\" decoding=\"async\" width=\"717\" height=\"1024\" data-id=\"211\" src=\"https:\/\/jadwigajanowska.pl\/wp-content\/uploads\/2026\/04\/jadwiga_janowska_bohaterowie_20-717x1024.jpg\" alt=\"\" class=\"wp-image-211\" srcset=\"https:\/\/jadwigajanowska.pl\/wp-content\/uploads\/2026\/04\/jadwiga_janowska_bohaterowie_20-717x1024.jpg 717w, https:\/\/jadwigajanowska.pl\/wp-content\/uploads\/2026\/04\/jadwiga_janowska_bohaterowie_20-210x300.jpg 210w, https:\/\/jadwigajanowska.pl\/wp-content\/uploads\/2026\/04\/jadwiga_janowska_bohaterowie_20-768x1097.jpg 768w, https:\/\/jadwigajanowska.pl\/wp-content\/uploads\/2026\/04\/jadwiga_janowska_bohaterowie_20-1075x1536.jpg 1075w, https:\/\/jadwigajanowska.pl\/wp-content\/uploads\/2026\/04\/jadwiga_janowska_bohaterowie_20-973x1390.jpg 973w, https:\/\/jadwigajanowska.pl\/wp-content\/uploads\/2026\/04\/jadwiga_janowska_bohaterowie_20-508x726.jpg 508w, https:\/\/jadwigajanowska.pl\/wp-content\/uploads\/2026\/04\/jadwiga_janowska_bohaterowie_20.jpg 1344w\" sizes=\"auto, (max-width: 717px) 100vw, 717px\" \/><\/figure>\n\n\n\n<figure class=\"wp-block-image size-large\"><img loading=\"lazy\" decoding=\"async\" width=\"683\" height=\"1024\" data-id=\"202\" src=\"https:\/\/jadwigajanowska.pl\/wp-content\/uploads\/2026\/04\/jadwiga_janowska_bohaterowie_11-683x1024.jpg\" alt=\"\" class=\"wp-image-202\" srcset=\"https:\/\/jadwigajanowska.pl\/wp-content\/uploads\/2026\/04\/jadwiga_janowska_bohaterowie_11-683x1024.jpg 683w, https:\/\/jadwigajanowska.pl\/wp-content\/uploads\/2026\/04\/jadwiga_janowska_bohaterowie_11-200x300.jpg 200w, https:\/\/jadwigajanowska.pl\/wp-content\/uploads\/2026\/04\/jadwiga_janowska_bohaterowie_11-768x1152.jpg 768w, https:\/\/jadwigajanowska.pl\/wp-content\/uploads\/2026\/04\/jadwiga_janowska_bohaterowie_11-1024x1536.jpg 1024w, https:\/\/jadwigajanowska.pl\/wp-content\/uploads\/2026\/04\/jadwiga_janowska_bohaterowie_11-973x1460.jpg 973w, https:\/\/jadwigajanowska.pl\/wp-content\/uploads\/2026\/04\/jadwiga_janowska_bohaterowie_11-508x762.jpg 508w, https:\/\/jadwigajanowska.pl\/wp-content\/uploads\/2026\/04\/jadwiga_janowska_bohaterowie_11.jpg 1280w\" sizes=\"auto, (max-width: 683px) 100vw, 683px\" \/><\/figure>\n\n\n\n<figure class=\"wp-block-image size-large\"><img loading=\"lazy\" decoding=\"async\" width=\"683\" height=\"1024\" data-id=\"159\" src=\"https:\/\/jadwigajanowska.pl\/wp-content\/uploads\/2026\/04\/jadwiga_janowska_bohaterowie_07-683x1024.jpg\" alt=\"\" class=\"wp-image-159\" srcset=\"https:\/\/jadwigajanowska.pl\/wp-content\/uploads\/2026\/04\/jadwiga_janowska_bohaterowie_07-683x1024.jpg 683w, https:\/\/jadwigajanowska.pl\/wp-content\/uploads\/2026\/04\/jadwiga_janowska_bohaterowie_07-200x300.jpg 200w, https:\/\/jadwigajanowska.pl\/wp-content\/uploads\/2026\/04\/jadwiga_janowska_bohaterowie_07-768x1152.jpg 768w, https:\/\/jadwigajanowska.pl\/wp-content\/uploads\/2026\/04\/jadwiga_janowska_bohaterowie_07-1024x1536.jpg 1024w, https:\/\/jadwigajanowska.pl\/wp-content\/uploads\/2026\/04\/jadwiga_janowska_bohaterowie_07-973x1460.jpg 973w, https:\/\/jadwigajanowska.pl\/wp-content\/uploads\/2026\/04\/jadwiga_janowska_bohaterowie_07-508x762.jpg 508w, https:\/\/jadwigajanowska.pl\/wp-content\/uploads\/2026\/04\/jadwiga_janowska_bohaterowie_07.jpg 1280w\" sizes=\"auto, (max-width: 683px) 100vw, 683px\" \/><\/figure>\n\n\n\n<figure class=\"wp-block-image size-large is-style-default wp-duotone-unset-1\"><img loading=\"lazy\" decoding=\"async\" width=\"683\" height=\"1024\" data-id=\"222\" src=\"https:\/\/jadwigajanowska.pl\/wp-content\/uploads\/2026\/04\/jadwiga_janowska_bohaterowie_15-683x1024.jpg\" alt=\"\" class=\"wp-image-222\" srcset=\"https:\/\/jadwigajanowska.pl\/wp-content\/uploads\/2026\/04\/jadwiga_janowska_bohaterowie_15-683x1024.jpg 683w, https:\/\/jadwigajanowska.pl\/wp-content\/uploads\/2026\/04\/jadwiga_janowska_bohaterowie_15-200x300.jpg 200w, https:\/\/jadwigajanowska.pl\/wp-content\/uploads\/2026\/04\/jadwiga_janowska_bohaterowie_15-768x1151.jpg 768w, https:\/\/jadwigajanowska.pl\/wp-content\/uploads\/2026\/04\/jadwiga_janowska_bohaterowie_15-1025x1536.jpg 1025w, https:\/\/jadwigajanowska.pl\/wp-content\/uploads\/2026\/04\/jadwiga_janowska_bohaterowie_15-973x1458.jpg 973w, https:\/\/jadwigajanowska.pl\/wp-content\/uploads\/2026\/04\/jadwiga_janowska_bohaterowie_15-508x761.jpg 508w, https:\/\/jadwigajanowska.pl\/wp-content\/uploads\/2026\/04\/jadwiga_janowska_bohaterowie_15.jpg 1281w\" sizes=\"auto, (max-width: 683px) 100vw, 683px\" \/><\/figure>\n<\/figure>\n\n\n\n<p><\/p>\n","protected":false},"excerpt":{"rendered":"<p>Bohaterowie narodu\u201d to cykl fotograficzny pos\u0142uguj\u0105cy si\u0119 estetyk\u0105 modowej kreacji i&nbsp; subiektywnego dokumentu. Projekt jest refleksj\u0105 o obcenym pokoleniu os\u00f3b wchodz\u0105cych w doros\u0142o\u015b\u0107. M\u0142odzi s\u0105 \u201eprzysz\u0142o\u015bci\u0105 narodu\u201d, to w nich pok\u0142ada si\u0119 nadzieje. Z drugiej strony m\u0142ode pokolenia teraz nie chc\u0105 bra\u0107 tej odpowiedzialno\u015bci, nie chc\u0105 dorasta\u0107,.&nbsp; Fotografie realizowane w latach 2018-2022 to nostalgiczne wracanie [&hellip;]<\/p>\n","protected":false},"author":1,"featured_media":0,"parent":0,"menu_order":0,"comment_status":"closed","ping_status":"closed","template":"","meta":{"footnotes":""},"categories":[],"tags":[],"class_list":["post-123","page","type-page","status-publish","hentry"],"_links":{"self":[{"href":"https:\/\/jadwigajanowska.pl\/index.php?rest_route=\/wp\/v2\/pages\/123","targetHints":{"allow":["GET"]}}],"collection":[{"href":"https:\/\/jadwigajanowska.pl\/index.php?rest_route=\/wp\/v2\/pages"}],"about":[{"href":"https:\/\/jadwigajanowska.pl\/index.php?rest_route=\/wp\/v2\/types\/page"}],"author":[{"embeddable":true,"href":"https:\/\/jadwigajanowska.pl\/index.php?rest_route=\/wp\/v2\/users\/1"}],"replies":[{"embeddable":true,"href":"https:\/\/jadwigajanowska.pl\/index.php?rest_route=%2Fwp%2Fv2%2Fcomments&post=123"}],"version-history":[{"count":3,"href":"https:\/\/jadwigajanowska.pl\/index.php?rest_route=\/wp\/v2\/pages\/123\/revisions"}],"predecessor-version":[{"id":245,"href":"https:\/\/jadwigajanowska.pl\/index.php?rest_route=\/wp\/v2\/pages\/123\/revisions\/245"}],"wp:attachment":[{"href":"https:\/\/jadwigajanowska.pl\/index.php?rest_route=%2Fwp%2Fv2%2Fmedia&parent=123"}],"wp:term":[{"taxonomy":"category","embeddable":true,"href":"https:\/\/jadwigajanowska.pl\/index.php?rest_route=%2Fwp%2Fv2%2Fcategories&post=123"},{"taxonomy":"post_tag","embeddable":true,"href":"https:\/\/jadwigajanowska.pl\/index.php?rest_route=%2Fwp%2Fv2%2Ftags&post=123"}],"curies":[{"name":"wp","href":"https:\/\/api.w.org\/{rel}","templated":true}]}}